{"id":754,"date":"2021-01-29T16:56:02","date_gmt":"2021-01-29T16:56:02","guid":{"rendered":"https:\/\/iacma.com\/?page_id=754"},"modified":"2021-01-29T17:03:48","modified_gmt":"2021-01-29T17:03:48","slug":"qigong","status":"publish","type":"page","link":"https:\/\/iacma.com\/index.php\/qigong\/","title":{"rendered":"qigong"},"content":{"rendered":"<div id='full_slider_1'  class='avia-fullwidth-slider main_color avia-shadow   avia-builder-el-0  el_before_av_section  avia-builder-el-first   container_wrap fullsize' style=' '  ><div   data-size='featured'  data-lightbox_size='large'  data-animation='slide'  data-conditional_play=''  data-ids='755'  data-video_counter='0'  data-autoplay='false'  data-bg_slider='false'  data-slide_height=''  data-handle='av_slideshow_full'  data-interval='5'  data-class=' '  data-el_id=''  data-css_id=''  data-scroll_down=''  data-control_layout='av-control-default'  data-custom_markup=''  data-perma_caption=''  data-autoplay_stopper=''  data-image_attachment=''  data-min_height='0px'  data-lazy_loading='disabled'  data-src=''  data-position='top left'  data-repeat='no-repeat'  data-attach='scroll'  data-stretch=''  data-default-height='28.666666666667'  class='avia-slideshow avia-slideshow-1  av-control-default av-default-height-applied avia-slideshow-featured av_slideshow_full   avia-slide-slider '  itemprop=\"image\" itemscope=\"itemscope\" itemtype=\"https:\/\/schema.org\/ImageObject\" ><ul class='avia-slideshow-inner ' style='padding-bottom: 28.666666666667%;' ><li  class=' av-single-slide slide-1 ' ><div data-rel='slideshow-1' class='avia-slide-wrap '   ><img decoding=\"async\" class=\"wp-image-755 avia-img-lazy-loading-not-755\"  src=\"https:\/\/iacma.com\/wp-content\/uploads\/2021\/01\/Qigong-slider-1500x430.jpg\" width=\"1500\" height=\"430\" title='Qigong slider' alt=''  itemprop=\"thumbnailUrl\"   \/><\/div><\/li><\/ul><\/div><\/div>\n<div id='av_section_1'  class='avia-section main_color avia-section-default avia-no-border-styling  avia-bg-style-scroll  avia-builder-el-1  el_after_av_slideshow_full  el_before_av_section   container_wrap fullsize' style=' '  ><div class='container' ><div class='template-page content  av-content-full alpha units'><div class='post-entry post-entry-type-page post-entry-754'><div class='entry-content-wrapper clearfix'>\n<div  style='padding-bottom:10px; ' class='av-special-heading av-special-heading-h1    avia-builder-el-2  avia-builder-el-no-sibling  '><h1 class='av-special-heading-tag '  itemprop=\"headline\"  >Qigong<\/h1><div class='special-heading-border'><div class='special-heading-inner-border' ><\/div><\/div><\/div>\n\n<\/div><\/div><\/div><!-- close content main div --><\/div><\/div><div id='av_section_2'  class='avia-section main_color avia-section-default avia-no-border-styling  avia-bg-style-scroll  avia-builder-el-3  el_after_av_section  avia-builder-el-last   container_wrap fullsize' style=' '  ><div class='container' ><div class='template-page content  av-content-full alpha units'><div class='post-entry post-entry-type-page post-entry-754'><div class='entry-content-wrapper clearfix'>\n<div class=\"flex_column av_two_third  flex_column_div av-zero-column-padding first  avia-builder-el-4  el_before_av_one_third  avia-builder-el-first  \" style='border-radius:0px; '><section class=\"av_textblock_section \"  itemscope=\"itemscope\" itemtype=\"https:\/\/schema.org\/CreativeWork\" ><div class='avia_textblock  '   itemprop=\"text\" ><blockquote>\n<p lang=\"it-IT\"><span style=\"color: #000000;\"><span style=\"font-family: Arial, sans-serif;\"><span style=\"font-size: medium;\">La disciplina insita alla tecnica \u00e8 considerata la suprema scienza orientale dell&#8217;alchimia corporea. <\/span><\/span><\/span><span style=\"color: #000000;\"><span style=\"font-family: Arial, sans-serif;\"><span style=\"font-size: medium;\">In Cina la disciplina che si ispira all\u2019esperienza del lavoro sottile del corpo si identifica con il termine \u201cQigong, (Chi Kung).<\/span><\/span><\/span><\/p>\n<\/blockquote>\n<p lang=\"it-IT\"><span style=\"color: #000000;\"><span style=\"font-family: Arial, sans-serif;\"><span style=\"font-size: medium;\">Volgarmente tradotto come &#8220;esercizio del respiro&#8221;, nella lingua cinese il termine &#8220;Qi&#8221; identifica la capacit\u00e0 dell&#8217;aria e degli alimenti di trasformarsi in elementi apportatori di energie di nutrimento; mentre l&#8217;ideogramma &#8220;Gong&#8221; si riferisce all&#8217;abilit\u00e0 acquisita a seguito di un\u2019esperienza approfondita.<\/span><\/span><\/span><\/p>\n<p lang=\"it-IT\"><span style=\"color: #000000;\"><span style=\"font-family: Arial, sans-serif;\"><span style=\"font-size: medium;\">Per tali ragioni la cultura nella quale spazia il Qigong racchiude in s\u00e9 diverse tematiche, essendo frutto di esperienze empiriche millenarie, avvalorate poi dalle conoscenze scientifico anatomiche riconosciute dalla medicina tradizionale cinese: La disciplina del Qigong ha origini indefinite e ha avuto esordio nel contesto della cultura filosofica Confuciana, per poi evolversi nell\u2019alchimia naturalista del Taoismo ed integrarsi nello studio psicologico della filosofia Buddista. Oltre a ci\u00f2, si \u00e8 sviluppata nel contesto di tutte le arti marziali cinesi e come gi\u00e0 detto integrandosi nei protocolli di prevenzione della MTC.<\/span><\/span><\/span><\/p>\n<p lang=\"it-IT\"><span style=\"color: #000000;\"><span style=\"font-family: Arial, sans-serif;\"><span style=\"font-size: medium;\">Ecco perch\u00e9 il Qigong adotta pi\u00f9 di una strategia per permeare il corpo sottile di ogni studente, avvalendosi delle tecniche Taoiste (Yogiche), della cultura del massaggio terapeutico, della dietologia, delle dottrine spirituali per educare la mente al naturale controllo del corpo. Il Qigong, per queste ragioni \u00e8 la disciplina fondamentale di cui sono dotate tutte le discipline cinesi e altres\u00ec \u00e8 strategia riabilitativa nei grandi ospedali cinesi, occupando un posto di rilievo, sia per risolvere disfunzioni del sistema neurovegetativo, asma e problemi derivanti dalla cattiva circolazione, oltre che per malattie ribelli ad ogni altra cura. Ma lo scopo principale, per un cultore del Qigong, \u00e8 il raggiungimento di un ottimo controllo della mente sul corpo e delle sue energie attraverso uno stato di presenza osservativa che di seguito sfocia naturalmente nel proprio vivere quotidiano.<\/span><\/span><\/span><\/p>\n<blockquote>\n<p lang=\"it-IT\"><span style=\"color: #000000;\"><span style=\"font-family: Arial, sans-serif;\"><span style=\"font-size: medium;\">In seno alla IACMA, il Qigong oltre ad essere integrato nei vari contesti didattici viene proposto come percorso di formazione personale in integrazione alle proprie esperienze, in special modo ai terapisti in generale, per approfondire le conoscenze sensoriali dl proprio corpo e di quello altrui. Il percorso di formazione si articola su tre livelli: Operatore, Insegnante, Maestro.<\/span><\/span><\/span><\/p>\n<\/blockquote>\n<\/div><\/section><\/div><div class=\"flex_column av_one_third  flex_column_div av-zero-column-padding   avia-builder-el-6  el_after_av_two_third  avia-builder-el-last  \" style='border-radius:0px; '><div  class='avia-image-container  av-styling-    avia-builder-el-7  avia-builder-el-no-sibling  avia-align-center '  itemprop=\"image\" itemscope=\"itemscope\" itemtype=\"https:\/\/schema.org\/ImageObject\"  ><div class='avia-image-container-inner'><div class='avia-image-overlay-wrap'><img decoding=\"async\" class='wp-image-758 avia-img-lazy-loading-not-758 avia_image' src=\"https:\/\/iacma.com\/wp-content\/uploads\/2021\/01\/Qigong-Li-Pira.png\" alt='' title='Qigong Li Pira' height=\"1840\" width=\"956\"  itemprop=\"thumbnailUrl\" srcset=\"https:\/\/iacma.com\/wp-content\/uploads\/2021\/01\/Qigong-Li-Pira.png 956w, https:\/\/iacma.com\/wp-content\/uploads\/2021\/01\/Qigong-Li-Pira-156x300.png 156w, https:\/\/iacma.com\/wp-content\/uploads\/2021\/01\/Qigong-Li-Pira-535x1030.png 535w, https:\/\/iacma.com\/wp-content\/uploads\/2021\/01\/Qigong-Li-Pira-768x1478.png 768w, https:\/\/iacma.com\/wp-content\/uploads\/2021\/01\/Qigong-Li-Pira-798x1536.png 798w, https:\/\/iacma.com\/wp-content\/uploads\/2021\/01\/Qigong-Li-Pira-779x1500.png 779w, https:\/\/iacma.com\/wp-content\/uploads\/2021\/01\/Qigong-Li-Pira-366x705.png 366w\" sizes=\"(max-width: 956px) 100vw, 956px\" \/><\/div><\/div><\/div><\/div>\n","protected":false},"excerpt":{"rendered":"","protected":false},"author":1,"featured_media":0,"parent":0,"menu_order":0,"comment_status":"closed","ping_status":"closed","template":"","meta":{"_monsterinsights_skip_tracking":false,"_monsterinsights_sitenote_active":false,"_monsterinsights_sitenote_note":"","_monsterinsights_sitenote_category":0,"footnotes":""},"class_list":["post-754","page","type-page","status-publish","hentry"],"yoast_head":"<!-- This site is optimized with the Yoast SEO plugin v27.3 - https:\/\/yoast.com\/product\/yoast-seo-wordpress\/ -->\n<title>qigong - Arti Marziali Cinesi in Ticino<\/title>\n<meta name=\"robots\" content=\"index, follow, max-snippet:-1, max-image-preview:large, max-video-preview:-1\" \/>\n<link rel=\"canonical\" href=\"https:\/\/iacma.com\/index.php\/qigong\/\" \/>\n<meta property=\"og:locale\" content=\"it_IT\" \/>\n<meta property=\"og:type\" content=\"article\" \/>\n<meta property=\"og:title\" content=\"qigong - Arti Marziali Cinesi in Ticino\" \/>\n<meta property=\"og:url\" content=\"https:\/\/iacma.com\/index.php\/qigong\/\" \/>\n<meta property=\"og:site_name\" content=\"Arti Marziali Cinesi in Ticino\" \/>\n<meta property=\"article:modified_time\" content=\"2021-01-29T17:03:48+00:00\" \/>\n<meta name=\"twitter:card\" content=\"summary_large_image\" \/>\n<meta name=\"twitter:label1\" content=\"Tempo di lettura stimato\" \/>\n\t<meta name=\"twitter:data1\" content=\"3 minuti\" \/>\n<script type=\"application\/ld+json\" class=\"yoast-schema-graph\">{\"@context\":\"https:\\\/\\\/schema.org\",\"@graph\":[{\"@type\":\"WebPage\",\"@id\":\"https:\\\/\\\/iacma.com\\\/index.php\\\/qigong\\\/\",\"url\":\"https:\\\/\\\/iacma.com\\\/index.php\\\/qigong\\\/\",\"name\":\"qigong - Arti Marziali Cinesi in Ticino\",\"isPartOf\":{\"@id\":\"https:\\\/\\\/iacma.com\\\/#website\"},\"datePublished\":\"2021-01-29T16:56:02+00:00\",\"dateModified\":\"2021-01-29T17:03:48+00:00\",\"breadcrumb\":{\"@id\":\"https:\\\/\\\/iacma.com\\\/index.php\\\/qigong\\\/#breadcrumb\"},\"inLanguage\":\"it-IT\",\"potentialAction\":[{\"@type\":\"ReadAction\",\"target\":[\"https:\\\/\\\/iacma.com\\\/index.php\\\/qigong\\\/\"]}]},{\"@type\":\"BreadcrumbList\",\"@id\":\"https:\\\/\\\/iacma.com\\\/index.php\\\/qigong\\\/#breadcrumb\",\"itemListElement\":[{\"@type\":\"ListItem\",\"position\":1,\"name\":\"Home\",\"item\":\"https:\\\/\\\/iacma.com\\\/\"},{\"@type\":\"ListItem\",\"position\":2,\"name\":\"qigong\"}]},{\"@type\":\"WebSite\",\"@id\":\"https:\\\/\\\/iacma.com\\\/#website\",\"url\":\"https:\\\/\\\/iacma.com\\\/\",\"name\":\"Arti Marziali Cinesi in Ticino\",\"description\":\"Arti Marziali Cinesi in Ticino\",\"potentialAction\":[{\"@type\":\"SearchAction\",\"target\":{\"@type\":\"EntryPoint\",\"urlTemplate\":\"https:\\\/\\\/iacma.com\\\/?s={search_term_string}\"},\"query-input\":{\"@type\":\"PropertyValueSpecification\",\"valueRequired\":true,\"valueName\":\"search_term_string\"}}],\"inLanguage\":\"it-IT\"}]}<\/script>\n<!-- \/ Yoast SEO plugin. -->","yoast_head_json":{"title":"qigong - Arti Marziali Cinesi in Ticino","robots":{"index":"index","follow":"follow","max-snippet":"max-snippet:-1","max-image-preview":"max-image-preview:large","max-video-preview":"max-video-preview:-1"},"canonical":"https:\/\/iacma.com\/index.php\/qigong\/","og_locale":"it_IT","og_type":"article","og_title":"qigong - Arti Marziali Cinesi in Ticino","og_url":"https:\/\/iacma.com\/index.php\/qigong\/","og_site_name":"Arti Marziali Cinesi in Ticino","article_modified_time":"2021-01-29T17:03:48+00:00","twitter_card":"summary_large_image","twitter_misc":{"Tempo di lettura stimato":"3 minuti"},"schema":{"@context":"https:\/\/schema.org","@graph":[{"@type":"WebPage","@id":"https:\/\/iacma.com\/index.php\/qigong\/","url":"https:\/\/iacma.com\/index.php\/qigong\/","name":"qigong - Arti Marziali Cinesi in Ticino","isPartOf":{"@id":"https:\/\/iacma.com\/#website"},"datePublished":"2021-01-29T16:56:02+00:00","dateModified":"2021-01-29T17:03:48+00:00","breadcrumb":{"@id":"https:\/\/iacma.com\/index.php\/qigong\/#breadcrumb"},"inLanguage":"it-IT","potentialAction":[{"@type":"ReadAction","target":["https:\/\/iacma.com\/index.php\/qigong\/"]}]},{"@type":"BreadcrumbList","@id":"https:\/\/iacma.com\/index.php\/qigong\/#breadcrumb","itemListElement":[{"@type":"ListItem","position":1,"name":"Home","item":"https:\/\/iacma.com\/"},{"@type":"ListItem","position":2,"name":"qigong"}]},{"@type":"WebSite","@id":"https:\/\/iacma.com\/#website","url":"https:\/\/iacma.com\/","name":"Arti Marziali Cinesi in Ticino","description":"Arti Marziali Cinesi in Ticino","potentialAction":[{"@type":"SearchAction","target":{"@type":"EntryPoint","urlTemplate":"https:\/\/iacma.com\/?s={search_term_string}"},"query-input":{"@type":"PropertyValueSpecification","valueRequired":true,"valueName":"search_term_string"}}],"inLanguage":"it-IT"}]}},"_links":{"self":[{"href":"https:\/\/iacma.com\/index.php\/wp-json\/wp\/v2\/pages\/754","targetHints":{"allow":["GET"]}}],"collection":[{"href":"https:\/\/iacma.com\/index.php\/wp-json\/wp\/v2\/pages"}],"about":[{"href":"https:\/\/iacma.com\/index.php\/wp-json\/wp\/v2\/types\/page"}],"author":[{"embeddable":true,"href":"https:\/\/iacma.com\/index.php\/wp-json\/wp\/v2\/users\/1"}],"replies":[{"embeddable":true,"href":"https:\/\/iacma.com\/index.php\/wp-json\/wp\/v2\/comments?post=754"}],"version-history":[{"count":2,"href":"https:\/\/iacma.com\/index.php\/wp-json\/wp\/v2\/pages\/754\/revisions"}],"predecessor-version":[{"id":759,"href":"https:\/\/iacma.com\/index.php\/wp-json\/wp\/v2\/pages\/754\/revisions\/759"}],"wp:attachment":[{"href":"https:\/\/iacma.com\/index.php\/wp-json\/wp\/v2\/media?parent=754"}],"curies":[{"name":"wp","href":"https:\/\/api.w.org\/{rel}","templated":true}]}}