{"id":761,"date":"2021-01-29T17:16:28","date_gmt":"2021-01-29T17:16:28","guid":{"rendered":"https:\/\/iacma.com\/?page_id=761"},"modified":"2021-01-29T17:29:14","modified_gmt":"2021-01-29T17:29:14","slug":"doyn","status":"publish","type":"page","link":"https:\/\/iacma.com\/index.php\/doyn\/","title":{"rendered":"doyn"},"content":{"rendered":"<div id='full_slider_1'  class='avia-fullwidth-slider main_color avia-shadow   avia-builder-el-0  el_before_av_section  avia-builder-el-first   container_wrap fullsize' style=' '  ><div   data-size='featured'  data-lightbox_size='large'  data-animation='slide'  data-conditional_play=''  data-ids='762'  data-video_counter='0'  data-autoplay='false'  data-bg_slider='false'  data-slide_height=''  data-handle='av_slideshow_full'  data-interval='5'  data-class=' '  data-el_id=''  data-css_id=''  data-scroll_down=''  data-control_layout='av-control-default'  data-custom_markup=''  data-perma_caption=''  data-autoplay_stopper=''  data-image_attachment=''  data-min_height='0px'  data-lazy_loading='disabled'  data-src=''  data-position='top left'  data-repeat='no-repeat'  data-attach='scroll'  data-stretch=''  data-default-height='28.666666666667'  class='avia-slideshow avia-slideshow-1  av-control-default av-default-height-applied avia-slideshow-featured av_slideshow_full   avia-slide-slider '  itemprop=\"image\" itemscope=\"itemscope\" itemtype=\"https:\/\/schema.org\/ImageObject\" ><ul class='avia-slideshow-inner ' style='padding-bottom: 28.666666666667%;' ><li  class=' av-single-slide slide-1 ' ><div data-rel='slideshow-1' class='avia-slide-wrap '   ><img decoding=\"async\" class=\"wp-image-762 avia-img-lazy-loading-not-762\"  src=\"https:\/\/iacma.com\/wp-content\/uploads\/2021\/01\/doyn-slider-1500x430.png\" width=\"1500\" height=\"430\" title='doyn slider' alt=''  itemprop=\"thumbnailUrl\" srcset=\"https:\/\/iacma.com\/wp-content\/uploads\/2021\/01\/doyn-slider.png 1500w, https:\/\/iacma.com\/wp-content\/uploads\/2021\/01\/doyn-slider-300x86.png 300w, https:\/\/iacma.com\/wp-content\/uploads\/2021\/01\/doyn-slider-1030x295.png 1030w, https:\/\/iacma.com\/wp-content\/uploads\/2021\/01\/doyn-slider-768x220.png 768w, https:\/\/iacma.com\/wp-content\/uploads\/2021\/01\/doyn-slider-705x202.png 705w\" sizes=\"(max-width: 1500px) 100vw, 1500px\" \/><\/div><\/li><\/ul><\/div><\/div>\n<div id='av_section_1'  class='avia-section main_color avia-section-default avia-no-border-styling  avia-bg-style-scroll  avia-builder-el-1  el_after_av_slideshow_full  el_before_av_section   container_wrap fullsize' style=' '  ><div class='container' ><div class='template-page content  av-content-full alpha units'><div class='post-entry post-entry-type-page post-entry-761'><div class='entry-content-wrapper clearfix'>\n<div  style='padding-bottom:10px; ' class='av-special-heading av-special-heading-h1    avia-builder-el-2  avia-builder-el-no-sibling  '><h1 class='av-special-heading-tag '  itemprop=\"headline\"  >Doyin<\/h1><div class='special-heading-border'><div class='special-heading-inner-border' ><\/div><\/div><\/div>\n\n<\/div><\/div><\/div><!-- close content main div --><\/div><\/div><div id='av_section_2'  class='avia-section main_color avia-section-default avia-no-border-styling  avia-bg-style-scroll  avia-builder-el-3  el_after_av_section  avia-builder-el-last   container_wrap fullsize' style=' '  ><div class='container' ><div class='template-page content  av-content-full alpha units'><div class='post-entry post-entry-type-page post-entry-761'><div class='entry-content-wrapper clearfix'>\n<div class=\"flex_column av_two_third  flex_column_div av-zero-column-padding first  avia-builder-el-4  el_before_av_one_third  avia-builder-el-first  \" style='border-radius:0px; '><section class=\"av_textblock_section \"  itemscope=\"itemscope\" itemtype=\"https:\/\/schema.org\/CreativeWork\" ><div class='avia_textblock  '   itemprop=\"text\" ><p>Il Doyin, mal tradotto come la ginnastica Orientale, \u00e8, spesso travisata in Occidente con lo \u201cstretching\u201d, mentre \u00e8 la disciplina alchemica Taoista per eccellenza nel quale ogni strategia \u00e8 profusa a produrre effetti salutistici. Il Doyin, infatti, \u00e8 specifica all\u2019igiene corporea nella quale sono previste l&#8217;uso delle tecniche di distensione tendineo-articolari, in rapporto combinato con la respirazione ed i suoi riscontri nell\u2019ambito della stimolazione energetica sugli organi interni. Ed \u00e8 per tali ragioni che \u00e8 fra le tecniche terapeutiche inscindibili dalla cultura salutistica cinese.<\/p>\n<blockquote>\n<p>\nIl Doyin concentra le sue strategie tecnico-didattiche sulle strutture sottili del corpo assorbendo l&#8217;energia dispersiva dei muscoli. Riattiva e promuove la circolazione nei tessuti profondi e concentra l&#8217;energia vitale negli organi di recupero (reni e fegato), incentivando il benessere, tradotto dal senso generale il rilassamento. Ideale per tutte le persone che desiderano recuperare la gioia di vivere un corpo che ha energia e salute, il Doyin si integra bene a qualsiasi altra esperienza (Yoga, Pilates, e altre discipline ginniche) che hanno come obiettivo la consapevolezza per il controllo del corpo.<\/p>\n<\/blockquote>\n<p>Le strategie tematiche si completano di esercizi di distensione dei tessuti profondi, di tecniche di respirazione e meditazione per il rilassamento, tecniche di potenziamento strutturale ed energetiche che sono tesoro del mondo marziale. Tutto con grande attenzione al lavoro fisiologico nel rispetto delle funzioni corporee.<br \/>\nL\u2019accademia IACMA utilizza il Doyin come base di lavoro per tutte le discipline psicocorporee, ritenendo questa cultura una fra le pi\u00f9 eccellenti per la salvaguardia della salute ed al recupero di tutte le potenzialit\u00e0 insite nel corpo di ogni individuo.<\/p>\n<\/div><\/section><\/div><div class=\"flex_column av_one_third  flex_column_div av-zero-column-padding   avia-builder-el-6  el_after_av_two_third  avia-builder-el-last  \" style='border-radius:0px; '><p><div  class='avia-image-container  av-styling-    avia-builder-el-7  el_before_av_hr  avia-builder-el-first  avia-align-center '  itemprop=\"image\" itemscope=\"itemscope\" itemtype=\"https:\/\/schema.org\/ImageObject\"  ><div class='avia-image-container-inner'><div class='avia-image-overlay-wrap'><img decoding=\"async\" class='wp-image-764 avia-img-lazy-loading-not-764 avia_image' src=\"https:\/\/iacma.com\/wp-content\/uploads\/2021\/01\/Doyin-9-1030x741.jpg\" alt='' title='Doyin (9)' height=\"741\" width=\"1030\"  itemprop=\"thumbnailUrl\" srcset=\"https:\/\/iacma.com\/wp-content\/uploads\/2021\/01\/Doyin-9-1030x741.jpg 1030w, https:\/\/iacma.com\/wp-content\/uploads\/2021\/01\/Doyin-9-300x216.jpg 300w, https:\/\/iacma.com\/wp-content\/uploads\/2021\/01\/Doyin-9-768x553.jpg 768w, https:\/\/iacma.com\/wp-content\/uploads\/2021\/01\/Doyin-9-1536x1105.jpg 1536w, https:\/\/iacma.com\/wp-content\/uploads\/2021\/01\/Doyin-9-2048x1474.jpg 2048w, https:\/\/iacma.com\/wp-content\/uploads\/2021\/01\/Doyin-9-1500x1080.jpg 1500w, https:\/\/iacma.com\/wp-content\/uploads\/2021\/01\/Doyin-9-705x507.jpg 705w\" sizes=\"(max-width: 1030px) 100vw, 1030px\" \/><\/div><\/div><\/div><br \/>\n<div   class='hr hr-default   avia-builder-el-8  el_after_av_image  el_before_av_image '><span class='hr-inner ' ><span class='hr-inner-style'><\/span><\/span><\/div><br \/>\n<div  class='avia-image-container  av-styling-    avia-builder-el-9  el_after_av_hr  avia-builder-el-last  avia-align-center '  itemprop=\"image\" itemscope=\"itemscope\" itemtype=\"https:\/\/schema.org\/ImageObject\"  ><div class='avia-image-container-inner'><div class='avia-image-overlay-wrap'><img decoding=\"async\" class='wp-image-767 avia-img-lazy-loading-not-767 avia_image' src=\"https:\/\/iacma.com\/wp-content\/uploads\/2021\/01\/daoyin-2-1030x912.png\" alt='' title='daoyin 2' height=\"912\" width=\"1030\"  itemprop=\"thumbnailUrl\" srcset=\"https:\/\/iacma.com\/wp-content\/uploads\/2021\/01\/daoyin-2-1030x912.png 1030w, https:\/\/iacma.com\/wp-content\/uploads\/2021\/01\/daoyin-2-300x266.png 300w, https:\/\/iacma.com\/wp-content\/uploads\/2021\/01\/daoyin-2-768x680.png 768w, https:\/\/iacma.com\/wp-content\/uploads\/2021\/01\/daoyin-2-705x624.png 705w, https:\/\/iacma.com\/wp-content\/uploads\/2021\/01\/daoyin-2.png 1135w\" sizes=\"(max-width: 1030px) 100vw, 1030px\" \/><\/div><\/div><\/div><\/p><\/div>\n","protected":false},"excerpt":{"rendered":"","protected":false},"author":1,"featured_media":0,"parent":0,"menu_order":0,"comment_status":"closed","ping_status":"closed","template":"","meta":{"_monsterinsights_skip_tracking":false,"_monsterinsights_sitenote_active":false,"_monsterinsights_sitenote_note":"","_monsterinsights_sitenote_category":0,"footnotes":""},"class_list":["post-761","page","type-page","status-publish","hentry"],"yoast_head":"<!-- This site is optimized with the Yoast SEO plugin v27.3 - https:\/\/yoast.com\/product\/yoast-seo-wordpress\/ -->\n<title>doyn - Arti Marziali Cinesi in Ticino<\/title>\n<meta name=\"robots\" content=\"index, follow, max-snippet:-1, max-image-preview:large, max-video-preview:-1\" \/>\n<link rel=\"canonical\" href=\"https:\/\/iacma.com\/index.php\/doyn\/\" \/>\n<meta property=\"og:locale\" content=\"it_IT\" \/>\n<meta property=\"og:type\" content=\"article\" \/>\n<meta property=\"og:title\" content=\"doyn - Arti Marziali Cinesi in Ticino\" \/>\n<meta property=\"og:url\" content=\"https:\/\/iacma.com\/index.php\/doyn\/\" \/>\n<meta property=\"og:site_name\" content=\"Arti Marziali Cinesi in Ticino\" \/>\n<meta property=\"article:modified_time\" content=\"2021-01-29T17:29:14+00:00\" \/>\n<meta name=\"twitter:card\" content=\"summary_large_image\" \/>\n<meta name=\"twitter:label1\" content=\"Tempo di lettura stimato\" \/>\n\t<meta name=\"twitter:data1\" content=\"3 minuti\" \/>\n<script type=\"application\/ld+json\" class=\"yoast-schema-graph\">{\"@context\":\"https:\\\/\\\/schema.org\",\"@graph\":[{\"@type\":\"WebPage\",\"@id\":\"https:\\\/\\\/iacma.com\\\/index.php\\\/doyn\\\/\",\"url\":\"https:\\\/\\\/iacma.com\\\/index.php\\\/doyn\\\/\",\"name\":\"doyn - Arti Marziali Cinesi in Ticino\",\"isPartOf\":{\"@id\":\"https:\\\/\\\/iacma.com\\\/#website\"},\"datePublished\":\"2021-01-29T17:16:28+00:00\",\"dateModified\":\"2021-01-29T17:29:14+00:00\",\"breadcrumb\":{\"@id\":\"https:\\\/\\\/iacma.com\\\/index.php\\\/doyn\\\/#breadcrumb\"},\"inLanguage\":\"it-IT\",\"potentialAction\":[{\"@type\":\"ReadAction\",\"target\":[\"https:\\\/\\\/iacma.com\\\/index.php\\\/doyn\\\/\"]}]},{\"@type\":\"BreadcrumbList\",\"@id\":\"https:\\\/\\\/iacma.com\\\/index.php\\\/doyn\\\/#breadcrumb\",\"itemListElement\":[{\"@type\":\"ListItem\",\"position\":1,\"name\":\"Home\",\"item\":\"https:\\\/\\\/iacma.com\\\/\"},{\"@type\":\"ListItem\",\"position\":2,\"name\":\"doyn\"}]},{\"@type\":\"WebSite\",\"@id\":\"https:\\\/\\\/iacma.com\\\/#website\",\"url\":\"https:\\\/\\\/iacma.com\\\/\",\"name\":\"Arti Marziali Cinesi in Ticino\",\"description\":\"Arti Marziali Cinesi in Ticino\",\"potentialAction\":[{\"@type\":\"SearchAction\",\"target\":{\"@type\":\"EntryPoint\",\"urlTemplate\":\"https:\\\/\\\/iacma.com\\\/?s={search_term_string}\"},\"query-input\":{\"@type\":\"PropertyValueSpecification\",\"valueRequired\":true,\"valueName\":\"search_term_string\"}}],\"inLanguage\":\"it-IT\"}]}<\/script>\n<!-- \/ Yoast SEO plugin. -->","yoast_head_json":{"title":"doyn - Arti Marziali Cinesi in Ticino","robots":{"index":"index","follow":"follow","max-snippet":"max-snippet:-1","max-image-preview":"max-image-preview:large","max-video-preview":"max-video-preview:-1"},"canonical":"https:\/\/iacma.com\/index.php\/doyn\/","og_locale":"it_IT","og_type":"article","og_title":"doyn - Arti Marziali Cinesi in Ticino","og_url":"https:\/\/iacma.com\/index.php\/doyn\/","og_site_name":"Arti Marziali Cinesi in Ticino","article_modified_time":"2021-01-29T17:29:14+00:00","twitter_card":"summary_large_image","twitter_misc":{"Tempo di lettura stimato":"3 minuti"},"schema":{"@context":"https:\/\/schema.org","@graph":[{"@type":"WebPage","@id":"https:\/\/iacma.com\/index.php\/doyn\/","url":"https:\/\/iacma.com\/index.php\/doyn\/","name":"doyn - Arti Marziali Cinesi in Ticino","isPartOf":{"@id":"https:\/\/iacma.com\/#website"},"datePublished":"2021-01-29T17:16:28+00:00","dateModified":"2021-01-29T17:29:14+00:00","breadcrumb":{"@id":"https:\/\/iacma.com\/index.php\/doyn\/#breadcrumb"},"inLanguage":"it-IT","potentialAction":[{"@type":"ReadAction","target":["https:\/\/iacma.com\/index.php\/doyn\/"]}]},{"@type":"BreadcrumbList","@id":"https:\/\/iacma.com\/index.php\/doyn\/#breadcrumb","itemListElement":[{"@type":"ListItem","position":1,"name":"Home","item":"https:\/\/iacma.com\/"},{"@type":"ListItem","position":2,"name":"doyn"}]},{"@type":"WebSite","@id":"https:\/\/iacma.com\/#website","url":"https:\/\/iacma.com\/","name":"Arti Marziali Cinesi in Ticino","description":"Arti Marziali Cinesi in Ticino","potentialAction":[{"@type":"SearchAction","target":{"@type":"EntryPoint","urlTemplate":"https:\/\/iacma.com\/?s={search_term_string}"},"query-input":{"@type":"PropertyValueSpecification","valueRequired":true,"valueName":"search_term_string"}}],"inLanguage":"it-IT"}]}},"_links":{"self":[{"href":"https:\/\/iacma.com\/index.php\/wp-json\/wp\/v2\/pages\/761","targetHints":{"allow":["GET"]}}],"collection":[{"href":"https:\/\/iacma.com\/index.php\/wp-json\/wp\/v2\/pages"}],"about":[{"href":"https:\/\/iacma.com\/index.php\/wp-json\/wp\/v2\/types\/page"}],"author":[{"embeddable":true,"href":"https:\/\/iacma.com\/index.php\/wp-json\/wp\/v2\/users\/1"}],"replies":[{"embeddable":true,"href":"https:\/\/iacma.com\/index.php\/wp-json\/wp\/v2\/comments?post=761"}],"version-history":[{"count":3,"href":"https:\/\/iacma.com\/index.php\/wp-json\/wp\/v2\/pages\/761\/revisions"}],"predecessor-version":[{"id":768,"href":"https:\/\/iacma.com\/index.php\/wp-json\/wp\/v2\/pages\/761\/revisions\/768"}],"wp:attachment":[{"href":"https:\/\/iacma.com\/index.php\/wp-json\/wp\/v2\/media?parent=761"}],"curies":[{"name":"wp","href":"https:\/\/api.w.org\/{rel}","templated":true}]}}