{"id":800,"date":"2021-02-02T15:08:00","date_gmt":"2021-02-02T15:08:00","guid":{"rendered":"https:\/\/iacma.com\/?page_id=800"},"modified":"2021-02-02T15:08:01","modified_gmt":"2021-02-02T15:08:01","slug":"shoot-boxing","status":"publish","type":"page","link":"https:\/\/iacma.com\/index.php\/shoot-boxing\/","title":{"rendered":"shoot boxing"},"content":{"rendered":"<div id='full_slider_1'  class='avia-fullwidth-slider main_color avia-shadow   avia-builder-el-0  el_before_av_section  avia-builder-el-first   container_wrap fullsize' style=' '  ><div   data-size='featured'  data-lightbox_size='large'  data-animation='slide'  data-conditional_play=''  data-ids='801'  data-video_counter='0'  data-autoplay='false'  data-bg_slider='false'  data-slide_height=''  data-handle='av_slideshow_full'  data-interval='5'  data-class=' '  data-el_id=''  data-css_id=''  data-scroll_down=''  data-control_layout='av-control-default'  data-custom_markup=''  data-perma_caption=''  data-autoplay_stopper=''  data-image_attachment=''  data-min_height='0px'  data-lazy_loading='disabled'  data-src=''  data-position='top left'  data-repeat='no-repeat'  data-attach='scroll'  data-stretch=''  data-default-height='28.666666666667'  class='avia-slideshow avia-slideshow-1  av-control-default av-default-height-applied avia-slideshow-featured av_slideshow_full   avia-slide-slider '  itemprop=\"image\" itemscope=\"itemscope\" itemtype=\"https:\/\/schema.org\/ImageObject\" ><ul class='avia-slideshow-inner ' style='padding-bottom: 28.666666666667%;' ><li  class=' av-single-slide slide-1 ' ><div data-rel='slideshow-1' class='avia-slide-wrap '   ><img decoding=\"async\" class=\"wp-image-801 avia-img-lazy-loading-not-801\"  src=\"https:\/\/iacma.com\/wp-content\/uploads\/2021\/02\/shoot-boxing--1500x430.jpg\" width=\"1500\" height=\"430\" title='shoot boxing' alt=''  itemprop=\"thumbnailUrl\" srcset=\"https:\/\/iacma.com\/wp-content\/uploads\/2021\/02\/shoot-boxing-.jpg 1500w, https:\/\/iacma.com\/wp-content\/uploads\/2021\/02\/shoot-boxing--300x86.jpg 300w, https:\/\/iacma.com\/wp-content\/uploads\/2021\/02\/shoot-boxing--1030x295.jpg 1030w, https:\/\/iacma.com\/wp-content\/uploads\/2021\/02\/shoot-boxing--768x220.jpg 768w, https:\/\/iacma.com\/wp-content\/uploads\/2021\/02\/shoot-boxing--705x202.jpg 705w\" sizes=\"(max-width: 1500px) 100vw, 1500px\" \/><\/div><\/li><\/ul><\/div><\/div>\n<div id='av_section_1'  class='avia-section main_color avia-section-default avia-no-border-styling  avia-bg-style-scroll  avia-builder-el-1  el_after_av_slideshow_full  el_before_av_section   container_wrap fullsize' style=' '  ><div class='container' ><div class='template-page content  av-content-full alpha units'><div class='post-entry post-entry-type-page post-entry-800'><div class='entry-content-wrapper clearfix'>\n<div  style='padding-bottom:10px; ' class='av-special-heading av-special-heading-h1    avia-builder-el-2  avia-builder-el-no-sibling  '><h1 class='av-special-heading-tag '  itemprop=\"headline\"  >Shoot Boxing<\/h1><div class='special-heading-border'><div class='special-heading-inner-border' ><\/div><\/div><\/div>\n<\/div><\/div><\/div><!-- close content main div --><\/div><\/div><div id='av_section_2'  class='avia-section main_color avia-section-default avia-no-border-styling  avia-bg-style-scroll  avia-builder-el-3  el_after_av_section  avia-builder-el-last   container_wrap fullsize' style=' '  ><div class='container' ><div class='template-page content  av-content-full alpha units'><div class='post-entry post-entry-type-page post-entry-800'><div class='entry-content-wrapper clearfix'>\n<div class=\"flex_column av_two_third  flex_column_div av-zero-column-padding first  avia-builder-el-4  el_before_av_one_third  avia-builder-el-first  \" style='border-radius:0px; '><section class=\"av_textblock_section \"  itemscope=\"itemscope\" itemtype=\"https:\/\/schema.org\/CreativeWork\" ><div class='avia_textblock  '   itemprop=\"text\" ><blockquote>\n<p>Fra le discipline da combattimento su ring, quindi relegata agli ambienti professionistici, la Shoot Boxing \u00e8 una vera miscela di tecniche esplosive.<\/p>\n<\/blockquote>\n<p>Possiamo dire, senza dubbio, che \u00e8 la disciplina pi\u00f9 completa dei sistemi di combattimento e difesa professionistici e pertanto riservata a coloro che gi\u00e0 hanno una buona esperienza nei sistemi da combattimento.<br \/>\nLa Shoot Boxing, nel suo percorso di preparazione, oltre a quanto citato nella disciplina del Sanda Sanshou, prevede:<\/p>\n<ul>\n<li>l\u2019apprendimento, o l\u2019approfondimento della boxe tradizionale che si integri alle diverse tematiche tecniche promosse dalle arti da combattimento tradizionali;<\/li>\n<li>l&#8217;addestramento all&#8217;uso delle tecniche di gambe pi\u00f9 efficaci e relegate al combattimento pi\u00f9 sistematico;<\/li>\n<li>il lavoro con le micidiali tecniche di lussazione articolare per l&#8217;immobilizzazione<br \/>\nla lotta al suolo.<\/li>\n<\/ul>\n<p>Il praticante di Shoot o &#8220;Shoot Fighter&#8221;, \u00e8 un combattente completo sotto tutti i profili tecnici ed \u00e8 in grado di confrontarsi in tutte le forme di regolamento di gara e non. La Shoot Boxing, pertanto, \u00e8 un ottimo sistema in grado di soddisfare le esigenze tattiche di un esperto che desidera completare la sua formazione marziale, come anche di preparare professionalmente le competenze di un professionista della sicurezza in generale.<\/p>\n<blockquote>\n<p>Nell&#8217;accademia IACMA la Shoot Boxing \u00e8 insegnata ad un livello agonistico avanzato, o comunque dopo un periodo di formazione propedeutica in una delle diverse discipline di lotta presenti nella scuola.<\/p>\n<\/blockquote>\n<p>Sempre per la Shoot Boxing \u00e8 possibile, inoltre aderire ad un programma di istruzione per tecnici, con la possibilit\u00e0 di far riconoscere il proprio ruolo a livello Nazionale ed Internazionale, avvinandosi cos\u00ec all\u2019attivit\u00e0 lavorativa dell&#8217;insegnamento, o per il proprio curriculum professionale.<\/p>\n<\/div><\/section><\/div><div class=\"flex_column av_one_third  flex_column_div av-zero-column-padding   avia-builder-el-6  el_after_av_two_third  avia-builder-el-last  \" style='border-radius:0px; '><div  class='avia-image-container  av-styling-    avia-builder-el-7  avia-builder-el-no-sibling  avia-align-center '  itemprop=\"image\" itemscope=\"itemscope\" itemtype=\"https:\/\/schema.org\/ImageObject\"  ><div class='avia-image-container-inner'><div class='avia-image-overlay-wrap'><img decoding=\"async\" class='wp-image-802 avia-img-lazy-loading-not-802 avia_image' src=\"https:\/\/iacma.com\/wp-content\/uploads\/2021\/02\/shoot-boxing-2.jpg\" alt='' title='shoot boxing 2' height=\"700\" width=\"500\"  itemprop=\"thumbnailUrl\" srcset=\"https:\/\/iacma.com\/wp-content\/uploads\/2021\/02\/shoot-boxing-2.jpg 500w, https:\/\/iacma.com\/wp-content\/uploads\/2021\/02\/shoot-boxing-2-214x300.jpg 214w\" sizes=\"(max-width: 500px) 100vw, 500px\" \/><\/div><\/div><\/div><\/div><\/p>\n","protected":false},"excerpt":{"rendered":"","protected":false},"author":1,"featured_media":0,"parent":0,"menu_order":0,"comment_status":"closed","ping_status":"closed","template":"","meta":{"_monsterinsights_skip_tracking":false,"_monsterinsights_sitenote_active":false,"_monsterinsights_sitenote_note":"","_monsterinsights_sitenote_category":0,"footnotes":""},"class_list":["post-800","page","type-page","status-publish","hentry"],"yoast_head":"<!-- This site is optimized with the Yoast SEO plugin v27.3 - https:\/\/yoast.com\/product\/yoast-seo-wordpress\/ -->\n<title>shoot boxing - Arti Marziali Cinesi in Ticino<\/title>\n<meta name=\"robots\" content=\"index, follow, max-snippet:-1, max-image-preview:large, max-video-preview:-1\" \/>\n<link rel=\"canonical\" href=\"https:\/\/iacma.com\/index.php\/shoot-boxing\/\" \/>\n<meta property=\"og:locale\" content=\"it_IT\" \/>\n<meta property=\"og:type\" content=\"article\" \/>\n<meta property=\"og:title\" content=\"shoot boxing - Arti Marziali Cinesi in Ticino\" \/>\n<meta property=\"og:url\" content=\"https:\/\/iacma.com\/index.php\/shoot-boxing\/\" \/>\n<meta property=\"og:site_name\" content=\"Arti Marziali Cinesi in Ticino\" \/>\n<meta property=\"article:modified_time\" content=\"2021-02-02T15:08:01+00:00\" \/>\n<meta name=\"twitter:card\" content=\"summary_large_image\" \/>\n<meta name=\"twitter:label1\" content=\"Tempo di lettura stimato\" \/>\n\t<meta name=\"twitter:data1\" content=\"3 minuti\" \/>\n<script type=\"application\/ld+json\" class=\"yoast-schema-graph\">{\"@context\":\"https:\\\/\\\/schema.org\",\"@graph\":[{\"@type\":\"WebPage\",\"@id\":\"https:\\\/\\\/iacma.com\\\/index.php\\\/shoot-boxing\\\/\",\"url\":\"https:\\\/\\\/iacma.com\\\/index.php\\\/shoot-boxing\\\/\",\"name\":\"shoot boxing - Arti Marziali Cinesi in Ticino\",\"isPartOf\":{\"@id\":\"https:\\\/\\\/iacma.com\\\/#website\"},\"datePublished\":\"2021-02-02T15:08:00+00:00\",\"dateModified\":\"2021-02-02T15:08:01+00:00\",\"breadcrumb\":{\"@id\":\"https:\\\/\\\/iacma.com\\\/index.php\\\/shoot-boxing\\\/#breadcrumb\"},\"inLanguage\":\"it-IT\",\"potentialAction\":[{\"@type\":\"ReadAction\",\"target\":[\"https:\\\/\\\/iacma.com\\\/index.php\\\/shoot-boxing\\\/\"]}]},{\"@type\":\"BreadcrumbList\",\"@id\":\"https:\\\/\\\/iacma.com\\\/index.php\\\/shoot-boxing\\\/#breadcrumb\",\"itemListElement\":[{\"@type\":\"ListItem\",\"position\":1,\"name\":\"Home\",\"item\":\"https:\\\/\\\/iacma.com\\\/\"},{\"@type\":\"ListItem\",\"position\":2,\"name\":\"shoot boxing\"}]},{\"@type\":\"WebSite\",\"@id\":\"https:\\\/\\\/iacma.com\\\/#website\",\"url\":\"https:\\\/\\\/iacma.com\\\/\",\"name\":\"Arti Marziali Cinesi in Ticino\",\"description\":\"Arti Marziali Cinesi in Ticino\",\"potentialAction\":[{\"@type\":\"SearchAction\",\"target\":{\"@type\":\"EntryPoint\",\"urlTemplate\":\"https:\\\/\\\/iacma.com\\\/?s={search_term_string}\"},\"query-input\":{\"@type\":\"PropertyValueSpecification\",\"valueRequired\":true,\"valueName\":\"search_term_string\"}}],\"inLanguage\":\"it-IT\"}]}<\/script>\n<!-- \/ Yoast SEO plugin. -->","yoast_head_json":{"title":"shoot boxing - Arti Marziali Cinesi in Ticino","robots":{"index":"index","follow":"follow","max-snippet":"max-snippet:-1","max-image-preview":"max-image-preview:large","max-video-preview":"max-video-preview:-1"},"canonical":"https:\/\/iacma.com\/index.php\/shoot-boxing\/","og_locale":"it_IT","og_type":"article","og_title":"shoot boxing - Arti Marziali Cinesi in Ticino","og_url":"https:\/\/iacma.com\/index.php\/shoot-boxing\/","og_site_name":"Arti Marziali Cinesi in Ticino","article_modified_time":"2021-02-02T15:08:01+00:00","twitter_card":"summary_large_image","twitter_misc":{"Tempo di lettura stimato":"3 minuti"},"schema":{"@context":"https:\/\/schema.org","@graph":[{"@type":"WebPage","@id":"https:\/\/iacma.com\/index.php\/shoot-boxing\/","url":"https:\/\/iacma.com\/index.php\/shoot-boxing\/","name":"shoot boxing - Arti Marziali Cinesi in Ticino","isPartOf":{"@id":"https:\/\/iacma.com\/#website"},"datePublished":"2021-02-02T15:08:00+00:00","dateModified":"2021-02-02T15:08:01+00:00","breadcrumb":{"@id":"https:\/\/iacma.com\/index.php\/shoot-boxing\/#breadcrumb"},"inLanguage":"it-IT","potentialAction":[{"@type":"ReadAction","target":["https:\/\/iacma.com\/index.php\/shoot-boxing\/"]}]},{"@type":"BreadcrumbList","@id":"https:\/\/iacma.com\/index.php\/shoot-boxing\/#breadcrumb","itemListElement":[{"@type":"ListItem","position":1,"name":"Home","item":"https:\/\/iacma.com\/"},{"@type":"ListItem","position":2,"name":"shoot boxing"}]},{"@type":"WebSite","@id":"https:\/\/iacma.com\/#website","url":"https:\/\/iacma.com\/","name":"Arti Marziali Cinesi in Ticino","description":"Arti Marziali Cinesi in Ticino","potentialAction":[{"@type":"SearchAction","target":{"@type":"EntryPoint","urlTemplate":"https:\/\/iacma.com\/?s={search_term_string}"},"query-input":{"@type":"PropertyValueSpecification","valueRequired":true,"valueName":"search_term_string"}}],"inLanguage":"it-IT"}]}},"_links":{"self":[{"href":"https:\/\/iacma.com\/index.php\/wp-json\/wp\/v2\/pages\/800","targetHints":{"allow":["GET"]}}],"collection":[{"href":"https:\/\/iacma.com\/index.php\/wp-json\/wp\/v2\/pages"}],"about":[{"href":"https:\/\/iacma.com\/index.php\/wp-json\/wp\/v2\/types\/page"}],"author":[{"embeddable":true,"href":"https:\/\/iacma.com\/index.php\/wp-json\/wp\/v2\/users\/1"}],"replies":[{"embeddable":true,"href":"https:\/\/iacma.com\/index.php\/wp-json\/wp\/v2\/comments?post=800"}],"version-history":[{"count":1,"href":"https:\/\/iacma.com\/index.php\/wp-json\/wp\/v2\/pages\/800\/revisions"}],"predecessor-version":[{"id":803,"href":"https:\/\/iacma.com\/index.php\/wp-json\/wp\/v2\/pages\/800\/revisions\/803"}],"wp:attachment":[{"href":"https:\/\/iacma.com\/index.php\/wp-json\/wp\/v2\/media?parent=800"}],"curies":[{"name":"wp","href":"https:\/\/api.w.org\/{rel}","templated":true}]}}